{"version":"1.0","provider_name":"Csak 1 mosoly kell...!:) - T\u0171z blogja","provider_url":"https:\/\/tuz.cafeblog.hu","author_name":"Tuz","author_url":"https:\/\/tuz.cafeblog.hu\/author\/Tuz\/","title":"A kar\u00e1csonyfa t\u00f6rt\u00e9nete","html":"<P class=MsoNormal style=\"MARGIN: 6pt 0cm; mso-outline-level: 3\" align=justify><B><SPAN style=\"COLOR: green\">200 \u00e9ve a kar\u00e1csonyfa sz\u00f3 m\u00e9g egyfajta ad\u00f3t jelentett, ma pedig a Kar\u00e1csony n\u00e9lk\u00fcl\u00f6zhetetlen \"kell\u00e9k\u00e9t\". A kar\u00e1csonyfa ma k\u00f6zel 500 \u00e9ves.<?xml:namespace prefix = o ns = \"urn:schemas-microsoft-com:office:office\" \/><o:p><\/o:p><\/SPAN><\/B><\/P>\r\n<P class=MsoNormal style=\"MARGIN: 0cm 0cm 0pt\" align=justify><SPAN style=\"COLOR: #ff6600\">A sz\u00f3 eredete k\u00e9t \u00e9vsz\u00e1zada m\u00e9g a f\u00f6ldes\u00far r\u00e9sz\u00e9re kar\u00e1csonyi ad\u00f3k\u00e9nt beszolg\u00e1ltatott t\u0171zif\u00e1t jelentette. A n\u00e9met \"Weihnachtsbaum\" sz\u00f3 t\u00fck\u00f6rford\u00edt\u00e1sak\u00e9nt megjelen\u0151 kar\u00e1csonyfa szok\u00e1sa protest\u00e1ns, evang\u00e9likus gyakorlatb\u00f3l ered a Rajna fels\u0151 szakasza vid\u00e9k\u00e9r\u0151l.<o:p><\/o:p><\/SPAN><\/P>\r\n<P class=MsoNormal style=\"MARGIN: 0cm 0cm 0pt\" align=justify><SPAN style=\"COLOR: green; mso-font-kerning: 18.0pt\"><FONT color=#59551e><BR><\/FONT><STRONG>A 15. sz\u00e1zad \u00f3ta l\u00e9tezik<o:p><\/o:p><\/STRONG><\/SPAN><\/P>\r\n<P class=MsoNormal style=\"MARGIN: 0cm 0cm 0pt\" align=justify><SPAN style=\"COLOR: fuchsia\">Az els\u0151 kar\u00e1csonyf\u00e1r\u00f3l Sebastian Brant n\u00e9met \u00edr\u00f3 eml\u00e9kezett meg Strasbourgban a 15. sz\u00e1zad v\u00e9g\u00e9n, a 16-17. sz\u00e1zadban pedig m\u00e1r kar\u00e1csonyi m\u00e1jusf\u00e1k \u00e1ll\u00edt\u00e1s\u00e1r\u00f3l tan\u00faskodnak az \u00edr\u00e1sos eml\u00e9kek, melyekb\u0151l kider\u00fcl, hogy a f\u00e1k \u00e1ll\u00edt\u00e1s\u00e1t komoly rendeletekkel szab\u00e1lyozt\u00e1k, melybe p\u00e9ld\u00e1ul azt is belefoglalt\u00e1k, hogy egy szem\u00e9ly csak egy f\u00e1t \u00e1ll\u00edthatott. A szok\u00e1s azonban a 18. sz\u00e1zadra eg\u00e9sz N\u00e9metorsz\u00e1gban elterjedt, ebben az id\u0151ben pedig m\u00e1r gyerty\u00e1val feld\u00edsz\u00edtett kar\u00e1csonyf\u00e1kat \u00e1ll\u00edtottak.<BR>A Habsburg uralkod\u00f3k B\u00e9csben 1824 t\u00e1j\u00e1n feny\u0151fa alatt \u00fcnnepelt\u00e9k a szentest\u00e9t, egym\u00e1snak aj\u00e1nd\u00e9kot adva - haz\u00e1nkban B\u00e9csb\u0151l a magyar arisztokr\u00e1cia p\u00e9ld\u00e1ja nyom\u00e1n terjedt el, az els\u0151 kar\u00e1csonyf\u00e1t pedig val\u00f3sz\u00edn\u0171leg Brunszvick Ter\u00e9z \u00e1ll\u00edtotta Asz\u00f3don.<BR>&nbsp;&nbsp;&nbsp;&nbsp;&nbsp;<IMG src=\"http:\/\/forum.sanomabp.hu\/forumkep\/4\/33276\/424\/12711352\/1.jpg\"><BR><\/SPAN><B><SPAN style=\"COLOR: green; mso-font-kerning: 18.0pt\">Az \u00e9let szimb\u00f3luma<BR><\/SPAN><\/B><SPAN style=\"COLOR: blue\">A fa az \u00d3sz\u00f6vets\u00e9gben a kozmikus \u00e9leter\u0151t szimboliz\u00e1lja, a pog\u00e1ny hitvil\u00e1gokban gyakran az istenek lakhelye, a germ\u00e1nokn\u00e1l pedig egyenesen a vil\u00e1g szimb\u00f3luma.<o:p><\/o:p><\/SPAN><\/P>\r\n<P align=justify><SPAN style=\"COLOR: blue\">Az \u00e9letfa vagy a z\u00f6ld \u00e1g \u00e9let-szimb\u00f3luma r\u00e1ad\u00e1sul gyakran kapcsol\u00f3dik a k\u00fcl\u00f6nb\u00f6z\u0151 \u00fcnnepek n\u00e9pszok\u00e1saihoz is, \u00edgy a t\u00e9li napfordul\u00f3hoz \u00e9s a kar\u00e1csonyhoz is.<BR>A kar\u00e1csonyi \u00e9letfa \u00e1gait a n\u00e9pszok\u00e1s szerint Katalin vagy Borb\u00e1la napj\u00e1n \u00e1ll\u00edtott\u00e1k v\u00edzbe, \u00e9s az az \u00fcnnepre kiz\u00f6ld\u00fclt, ezzel is az \u00e9let diadal\u00e1t hirdetve a s\u00f6t\u00e9ts\u00e9g \u00e9s a hal\u00e1l felett. Ezeknek a term\u0151\u00e1gaknak ut\u00f3dak\u00e9nt jelent meg k\u00e9s\u0151bb a kar\u00e1csonyfa is.<BR>&nbsp;&nbsp;&nbsp;&nbsp;&nbsp;&nbsp;&nbsp;<IMG src=\"http:\/\/forum.sanomabp.hu\/forumkep\/4\/33276\/424\/12711352\/2.jpg\"><BR><\/SPAN><B><SPAN style=\"COLOR: green; mso-font-kerning: 18.0pt\">Ehet\u0151 d\u00edszek, nyal\u00e1nks\u00e1gok<o:p><\/o:p><\/SPAN><\/B><\/P>\r\n<P class=MsoNormal style=\"MARGIN: 0cm 0cm 0pt\" align=justify><SPAN style=\"COLOR: red\">A kar\u00e1csonyf\u00e1t kezdetben di\u00f3val, alm\u00e1val, osty\u00e1val, m\u00e9zespog\u00e1csa-alakokkal \u00e9s cukorral d\u00edsz\u00edtett\u00e9k. A d\u00edszek k\u00e9sz\u00edt\u00e9sekor f\u0151 szempont volt az ehet\u0151s\u00e9g, hogy a gyerekeknek a fabont\u00e1sakor is kedvezzenek n\u00e9mi nyal\u00e1nks\u00e1ggal.<BR>Az els\u0151 kar\u00e1csonyf\u00e1kon m\u00e9g hajl\u00edtott dr\u00f3ttal r\u00f6gz\u00edtett gyerty\u00e1k \u00e9gtek, a XIX. sz\u00e1zad v\u00e9ge fel\u00e9 pedig m\u00e1r a csillog\u00f3 d\u00edszek v\u00e1ltak a kar\u00e1csonyf\u00e1k \u00f6sszk\u00e9p\u00e9nek meghat\u00e1roz\u00f3iv\u00e1. \u00dcvegd\u00edszek gy\u00e1rt\u00e1s\u00e1ra vonatkoz\u00f3an 1848-b\u00f3l sz\u00e1rmazik az els\u0151 adat, nagybani el\u0151\u00e1ll\u00edt\u00e1sa N\u00e9metorsz\u00e1gban m\u00e1r a sz\u00e1zad v\u00e9g\u00e9n elkezd\u0151d\u00f6tt.<\/SPAN><\/P>","type":"rich"}

Csak 1 mosoly kell...!:) - Tűz blogja

A karácsonyfa története

<P class=MsoNormal style="MARGIN: 6pt 0cm; mso-outline-level: 3" align=justify><B><SPAN style="COLOR: green">200 éve a karácsonyfa szó még egyfajta adót jelentett, ma pedig a Karácsony nélkülözhetetlen "kellékét". A karácsonyfa ma közel 500 éves.<?xml:namespace prefix = o ns = "urn:schemas-microsoft-com:office:office" /><o:p></o:p></SPAN></B></P>
<P class=MsoNormal style="MARGIN: 0cm 0cm 0pt" align=justify><SPAN style="COLOR: #ff6600">A szó eredete két évszázada még a földesúr részére karácsonyi adóként beszolgáltatott tűzifát jelentette. A német "Weihnachtsbaum" szó tükörfordításaként megjelenő karácsonyfa szokása protestáns, evangélikus gyakorlatból ered a Rajna felső szakasza vidékéről.<o:p></o:p></SPAN></P>
<P class=MsoNormal style="MARGIN: 0cm 0cm 0pt" align=justify><SPAN style="COLOR: green; mso-font-kerning: 18.0pt"><FONT color=#59551e><BR></FONT><STRONG>A 15. század óta létezik<o:p></o:p></STRONG></SPAN></P>
<P class=MsoNormal style="MARGIN: 0cm 0cm 0pt" align=justify><SPAN style="COLOR: fuchsia">Az első karácsonyfáról Sebastian Brant német író emlékezett meg Strasbourgban a 15. század végén, a 16-17. században pedig már karácsonyi májusfák állításáról tanúskodnak az írásos emlékek, melyekből kiderül, hogy a fák állítását komoly rendeletekkel szabályozták, melybe például azt is belefoglalták, hogy egy személy csak egy fát állíthatott. A szokás azonban a 18. századra egész Németországban elterjedt, ebben az időben pedig már gyertyával feldíszített karácsonyfákat állítottak.<BR>A Habsburg uralkodók Bécsben 1824 táján fenyőfa alatt ünnepelték a szentestét, egymásnak ajándékot adva - hazánkban Bécsből a magyar arisztokrácia példája nyomán terjedt el, az első karácsonyfát pedig valószínűleg Brunszvick Teréz állította Aszódon.<BR>&nbsp;&nbsp;&nbsp;&nbsp;&nbsp;<IMG src="http://forum.sanomabp.hu/forumkep/4/33276/424/12711352/1.jpg"><BR></SPAN><B><SPAN style="COLOR: green; mso-font-kerning: 18.0pt">Az élet szimbóluma<BR></SPAN></B><SPAN style="COLOR: blue">A fa az Ószövetségben a kozmikus életerőt szimbolizálja, a pogány hitvilágokban gyakran az istenek lakhelye, a germánoknál pedig egyenesen a világ szimbóluma.<o:p></o:p></SPAN></P>
<P align=justify><SPAN style="COLOR: blue">Az életfa vagy a zöld ág élet-szimbóluma ráadásul gyakran kapcsolódik a különböző ünnepek népszokásaihoz is, így a téli napfordulóhoz és a karácsonyhoz is.<BR>A karácsonyi életfa ágait a népszokás szerint Katalin vagy Borbála napján állították vízbe, és az az ünnepre kizöldült, ezzel is az élet diadalát hirdetve a sötétség és a halál felett. Ezeknek a termőágaknak utódaként jelent meg később a karácsonyfa is.<BR>&nbsp;&nbsp;&nbsp;&nbsp;&nbsp;&nbsp;&nbsp;<IMG src="http://forum.sanomabp.hu/forumkep/4/33276/424/12711352/2.jpg"><BR></SPAN><B><SPAN style="COLOR: green; mso-font-kerning: 18.0pt">Ehető díszek, nyalánkságok<o:p></o:p></SPAN></B></P>
<P class=MsoNormal style="MARGIN: 0cm 0cm 0pt" align=justify><SPAN style="COLOR: red">A karácsonyfát kezdetben dióval, almával, ostyával, mézespogácsa-alakokkal és cukorral díszítették. A díszek készítésekor fő szempont volt az ehetőség, hogy a gyerekeknek a fabontásakor is kedvezzenek némi nyalánksággal.<BR>Az első karácsonyfákon még hajlított dróttal rögzített gyertyák égtek, a XIX. század vége felé pedig már a csillogó díszek váltak a karácsonyfák összképének meghatározóivá. Üvegdíszek gyártására vonatkozóan 1848-ból származik az első adat, nagybani előállítása Németországban már a század végén elkezdődött.</SPAN></P>
